oes 3 divide 297?
True
Is 9 a factor of 15156?
True
Does 24 divide 686?
False
Does 50 divide 2370?
False
Is 6840 a multiple of 4?
True
Is 119 a factor of 19397?
True
Is 4 a factor of 12?
True
Is 55 a factor of 1815?
True
Is 2375 a multiple of 95?
True
Is 2460 a multiple of 10?
True
Does 22 divide 2060?
False
Is 2046 a multiple of 66?
True
Is 9 a factor of 429?
False
Is 16 a factor of 4304?
True
Does 15 divide 2655?
True
Is 48 a factor of 1152?
True
Is 51020 a multiple of 10?
True
Is 1494 a multiple of 18?
True
Is 8471 a multiple of 14?
False
Is 86 a factor of 27692?
True
Does 54 divide 3639?
False
Is 395 even?
False
Does 25 divide 415?
False
Does 25 divide 104730?
False
Is 13832 a multiple of 76?
True
Does 27 divide 31606?
False
Is 20 a factor of 52?
False
Does 52 divide 10036?
True
Is 18 a factor of 1800?
True
Is 302 a factor of 58588?
True
Does 75 divide 4425?
True
Is 762 a multiple of 2?
True
Does 7 divide 1076?
False
Is 27 a factor of 5022?
True
Is 166 a multiple of 6?
False
Is 13 a factor of 1326?
True
Is 43 a factor of 2795?
True
Is 105 a factor of 4140?
False
Is 65 a factor of 8490?
False
Does 146 divide 418?
False
Is 11 a factor of 3780?
False
Is 28 a factor of 5152?
True
Does 104 divide 64272?
True
Does 97 divide 2450?
False
Does 24 divide 1345?
False
Does 2 divide 248?
True
Is 444 a multiple of 12?
True
Is 11 a factor of 135?
False
Is 408 a multiple of 34?
True
Is 1502 a multiple of 48?
False
Is 40092 a multiple of 16?
False
Is 23979 a multiple of 7?
False
Is 1022 a multiple of 14?
True
Does 5 divide 145?
True
Does 3 divide 14421?
True
Is 3 a factor of 344?
False
Does 22 divide 8514?
True
Does 21 divide 2331?
True
Is 31 a factor of 4805?
True
Is 1016 a multiple of 127?
True
Does 57 divide 52525?
False
Is 26 a factor of 1248?
True
Is 26 a factor of 276?
False
Does 12 divide 4458?
False
Is 1198 a multiple of 74?
False
Is 1758 a multiple of 23?
False
Is 110 a factor of 2970?
True
Does 15 divide 41745?
True
Is 7 a factor of 315?
True
Is 160 a factor of 101903?
False
Is 488 a multiple of 19?
False
Is 87 a factor of 26888?
False
Does 30 divide 1406?
False
Is 17605 a multiple of 132?
False
Does 13 divide 52?
True
Is 18 a factor of 225?
False
Does 298 divide 81950?
True
Does 18 divide 7938?
True
Is 5518 a multiple of 8?
False
Does 52 divide 3328?
True
Does 8 divide 277?
False
Is 17 a factor of 21685?
False
Is 36520 a multiple of 17?
False
Does 18 divide 31486?
False
Is 16 a factor of 1696?
True
Is 4159 a multiple of 204?
False
Is 569 a multiple of 12?
False
Is 135585 a multiple of 45?
True
Does 28 divide 700?
True
Does 32 divide 856?
False
Is 5106 a multiple of 25?
False
Is 792 a multiple of 12?
True
Is 5174 a multiple of 22?
False
Does 25 divide 1150?
True
Is 762 a multiple of 5?
False
Is 7956 a multiple of 18?
True
Is 1097 a multiple of 11?
False
Is 20 a factor of 2790?
False
Is 170 a multiple of 20?
False
Is 53240 a multiple of 40?
True
Is 569 a multiple of 24?
False
Does 33 divide 756?
False
Is 50 a factor of 256?
False
Does 32 divide 6936?
False
Is 16 a factor of 384?
True
Is 29 a multiple of 2?
False
Is 9 a factor of 346?
False
Does 172 divide 11868?
True
Does 5 divide 10485?
True
Is 2 a factor of 111?
False
Does 38 divide 16530?
True
Does 237 divide 71337?
True
Is 4140 a multiple of 6?
True
Is 750 a multiple of 3?
True
Does 11 divide 6076?
False
Is 51 a factor of 1326?
True
Is 570 a multiple of 19?
True
Does 9 divide 17455?
False
Does 20 divide 20880?
True
Is 1925 a multiple of 10?
False
Is 1670 a multiple of 35?
False
Does 60 divide 120?
True
Is 34 a factor of 2171?
False
Does 194 divide 11252?
True
Is 8085 a multiple of 33?
True
Is 10 a factor of 285?
False
Does 16 divide 108160?
True
Does 8 divide 256?
True
Is 23 a factor of 68151?
False
Does 38 divide 11994?
False
Is 28 a factor of 204?
False
Does 2 divide 4047?
False
Is 5304 a multiple of 12?
True
Does 42 divide 2361?
False
Is 32242 a multiple of 163?
False
Is 10 a factor of 94002?
False
Is 7 a factor of 20204?
False
Is 20 a factor of 340?
True
Is 2828 a multiple of 28?
True
Is 150 a multiple of 5?
True
Is 518 a multiple of 24?
False
Is 36 a factor of 1463?
False
Is 287 a factor of 69116?
False
Does 50 divide 2450?
True
Is 30 a factor of 500?
False
Is 30 a factor of 612?
False
Does 32 divide 128?
True
Is 84 a multiple of 6?
True
Does 23 divide 5796?
True
Is 25 a multiple of 25?
True
Is 10040 a multiple of 8?
True
Is 2260 a multiple of 10?
True
Is 35 a multiple of 3?
False
Is 149 a multiple of 4?
False
Does 128 divide 6472?
False
Is 138 a factor of 2898?
True
Is 49585 a multiple of 21?
False
Does 13 divide 979?
False
Is 18 a factor of 10134?
True
Is 120 a factor of 240?
True
Is 156 a multiple of 26?
True
Is 1364 a multiple of 62?
True
Does 10 divide 2712?
False
Is 2 a factor of 64?
True
Is 139 a factor of 63801?
True
Is 10 a factor of 650?
True
Is 38 a factor of 2812?
True
Is 179 a factor of 55415?
False
Is 3193 a multiple of 71?
False
Is 86 a factor of 58566?
True
Is 11 a factor of 173?
False
Is 27 a factor of 594?
True
Does 33 divide 94050?
True
Does 16 divide 25488?
True
Does 4 divide 392?
True
Is 58 a factor of 1670?
False
Does 100 divide 41000?
True
Is 17136 a multiple of 51?
True
Is 12 a factor of 132?
True
Is 119 a factor of 2380?
True
Is 32 a factor of 39168?
True
Is 469 a multiple of 214?
False
Does 82 divide 16728?
True
Is 18 a factor of 85?
False
Does 41 divide 615?
True
Is 7 a factor of 90?
False
Is 19 a factor of 61199?
True
Is 8 a factor of 3792?
True
Is 49 a factor of 2303?
True
Is 24 a factor of 5016?
True
Does 52 divide 52035?
False
Is 20215 a multiple of 115?
False
Is 1310 a multiple of 10?
True
Is 16 a factor of 3184?
True
Is 9070 a multiple of 13?
False
Is 24 a factor of 696?
True
Does 7 divide 9?
False
Is 5408 a multiple of 104?
True
Is 122 a multiple of 8?
False
Is 26 a factor of 644?
False
Is 15 a factor of 6531?
False
Is 48475 a multiple of 294?
False
Does 114 divide 52204?
False
Is 2560 a multiple of 32?
True
Does 26 divide 4598?
False
Does 44 divide 15184?
False
Is 140 a factor of 51940?
True
Is 49 a factor of 343?
True
Is 67 a factor of 1537?
False
Is 4 a factor of 377?
False
Is 12 a factor of 2700?
True
Is 1967 even?
False
Is 12 a factor of 2424?
True
Does 4 divide 228?
True
Does 3 divide 72?
True
Does 5 divide 9427?
False
Is 1610 a multiple of 42?
False
Does 2 divide 11?
False
Is 3 a factor of 967?
False
Is 57558 a multiple of 192?
False
Does 72 divide 720?
True
Does 6 divide 6?
True
Is 852 a multiple of 12?
True
Is 240 a multiple of 24?
True
Is 334 a multiple of 27?
False
Does 6 divide 2646?
True
Is 3 a factor of 8640?
True
Is 4 a factor of 9220?
True
Is 10 a factor of 950?
True
Is 99 a factor of 2111?
False
Does 61 divide 16043?
True
Is 396 even?
True
Is 11 a factor of 275?
True
Is 49 a factor of 1568?
True
Is 7548 a multiple of 16?
False
Does 12 divide 108?
True
Is 143 a multiple of 7?
False
Is 402 a multiple of 3?
True
Is 25704 a multiple of 56?
True
Is 17 a factor of 1311?
False
Does 102 divide 192?
False
Does 11 divide 1212?
False
Does 37 divide 904?
False
Is 146 a factor of 9122?
False
Is 2 a factor of 59?
False
Is 17 a factor of 1023?
False
Does 24 divide 627?
False
Is 41 a factor of 30104?
False
Is 32110 a multiple of 58?
False
Is 19 a factor of 1539?
True
Does 53 divide 1961?
True
Is 44 a factor of 24454?
False
Does 4 divide 130?
False
Is 12598 a multiple of 20?
False
Is 1361 a multiple of 11?
False
Does 12 divide 2532?
True
Does 48 divide 16992?
True
Is 55 a factor of 69245?
True
Is 37 a factor of 777?
True
Is 9738 a multiple of 70?
False
Is 534 a multiple of 89?
True
Is 245 a factor of 20580?
True
Is 59322 a multiple of 17?
False
Is 15 a factor of 210?
True
Is 70 a factor of 140?
True
Does 23 divide 2119?
False
Is 31 a factor of 3345?
False
Is 21 a factor of 419?
False
Is 65 a factor of 138?
False
Is 3325 a multiple of 7?
True
Is 89 a factor of 2193?
False
Does 27 divide 4758?
False
Is 1768 a multiple of 17?
True
Is 60 a factor of 21026?
False
Does 27 divide 31509?
True
Is 41 a factor of 3813?
True
Is 4 a factor of 1844?
True
Does 48 divide 8832?
True
Is 10656 a multiple of 9?
True
Is 463 a multiple of 21?
False
Is 5 a factor of 86?
False
Is 9454 a multiple of 163?
True
Does 25 divide 750?
True
Does 90 divide 7142?
False
Is 1030 a mult